



{"id":2980,"date":"2022-01-09T15:46:59","date_gmt":"2022-01-09T18:46:59","guid":{"rendered":"https:\/\/ilusaosk8.com.br\/?page_id=2980"},"modified":"2024-07-23T19:14:51","modified_gmt":"2024-07-23T22:14:51","slug":"termos-e-condicoes","status":"publish","type":"page","link":"https:\/\/ilusaosk8.com.br\/index.php\/termos-e-condicoes\/","title":{"rendered":"Termos e condi\u00e7\u00f5es"},"content":{"rendered":"\t\t<div data-elementor-type=\"wp-page\" data-elementor-id=\"2980\" class=\"elementor elementor-2980\" data-elementor-post-type=\"page\">\n\t\t\t\t\t\t<section class=\"elementor-section elementor-top-section elementor-element elementor-element-2328f35e elementor-section-boxed elementor-section-height-default elementor-section-height-default\" data-id=\"2328f35e\" data-element_type=\"section\" data-e-type=\"section\">\n\t\t\t\t\t\t<div class=\"elementor-container elementor-column-gap-default\">\n\t\t\t\t\t<div class=\"elementor-column elementor-col-100 elementor-top-column elementor-element elementor-element-1ece3c7c\" data-id=\"1ece3c7c\" data-element_type=\"column\" data-e-type=\"column\">\n\t\t\t<div class=\"elementor-widget-wrap elementor-element-populated\">\n\t\t\t\t\t\t<div class=\"elementor-element elementor-element-5896097b elementor-widget elementor-widget-text-editor\" data-id=\"5896097b\" data-element_type=\"widget\" data-e-type=\"widget\" data-widget_type=\"text-editor.default\">\n\t\t\t\t<div class=\"elementor-widget-container\">\n\t\t\t\t\t\t\t\t\t<p><\/p>\n<h3 style=\"margin-bottom: var(--baseline); font-family: 'Plus Jakarta Sans', -apple-system, BlinkMacSystemFont, 'Helvetica Neue', arial, sans-serif; line-height: var(--line-height-large); color: #494b4d; font-size: var(--font-size-body-small); letter-spacing: -0.54px; font-style: normal;\">Esta pol\u00edtica de Termos de Uso \u00e9 v\u00e1lida a partir de Jun 2024.<\/h3>\n<h3 style=\"margin-bottom: var(--baseline); font-family: 'Plus Jakarta Sans', -apple-system, BlinkMacSystemFont, 'Helvetica Neue', arial, sans-serif; line-height: var(--line-height-large); color: #494b4d; font-size: var(--font-size-body-small); letter-spacing: -0.54px; font-style: normal;\">TERMOS DE USO \u2014 ILUS\u00c3O SKATEWEAR<\/h3>\n<p style=\"margin-bottom: var(--baseline); font-family: 'Plus Jakarta Sans', -apple-system, BlinkMacSystemFont, 'Helvetica Neue', arial, sans-serif; line-height: var(--line-height-large); color: #494b4d; font-size: var(--font-size-body-small); letter-spacing: -0.54px; font-style: normal;\"><strong>ILUS\u00c3O SKATEWEAR<\/strong>, pessoa jur\u00eddica de direito privado descreve, atrav\u00e9s deste documento, as regras de uso do site https:\/\/ilusaosk8.com.br\/ e qualquer outro site, loja ou aplicativo operado pelo propriet\u00e1rio.<\/p>\n<p style=\"margin-bottom: 1rem; font-size: 14px; line-height: 1.3; color: #494b4d; font-family: 'Plus Jakarta Sans', -apple-system, BlinkMacSystemFont, 'Helvetica Neue', arial, sans-serif; font-style: normal; font-weight: 400;\">Ao navegar neste website, consideramos que voc\u00ea est\u00e1 de acordo com os Termos de Uso abaixo.<\/p>\n<p style=\"margin-bottom: 1rem; font-size: 14px; line-height: 1.3; color: #494b4d; font-family: 'Plus Jakarta Sans', -apple-system, BlinkMacSystemFont, 'Helvetica Neue', arial, sans-serif; font-style: normal; font-weight: 400;\">Caso voc\u00ea n\u00e3o esteja de acordo com as condi\u00e7\u00f5es deste contrato, pedimos que n\u00e3o fa\u00e7a mais uso deste website, muito menos cadastre-se ou envie os seus dados pessoais.<\/p>\n<p style=\"margin-bottom: 1rem; font-size: 14px; line-height: 1.3; color: #494b4d; font-family: 'Plus Jakarta Sans', -apple-system, BlinkMacSystemFont, 'Helvetica Neue', arial, sans-serif; font-style: normal; font-weight: 400;\">Se modificarmos nossos Termos de Uso, publicaremos o novo texto neste website, com a data de revis\u00e3o atualizada. Podemos alterar este documento a qualquer momento. Caso haja altera\u00e7\u00e3o significativa nos termos deste contrato, podemos inform\u00e1-lo por meio das informa\u00e7\u00f5es de contato que tivermos em nosso banco de dados ou por meio de notifica\u00e7\u00f5es.<\/p>\n<p style=\"margin-bottom: 1rem; font-size: 14px; line-height: 1.3; color: #494b4d; font-family: 'Plus Jakarta Sans', -apple-system, BlinkMacSystemFont, 'Helvetica Neue', arial, sans-serif; font-style: normal; font-weight: 400;\">A utiliza\u00e7\u00e3o deste website ap\u00f3s as altera\u00e7\u00f5es significa que voc\u00ea aceitou os Termos de Uso revisados. Caso, ap\u00f3s a leitura da vers\u00e3o revisada, voc\u00ea n\u00e3o esteja de acordo com seus termos, favor encerrar o seu acesso.<\/p>\n<ul style=\"padding-left: 2rem; margin-bottom: 1rem; color: #494b4d; font-size: 14px; font-family: 'Plus Jakarta Sans', -apple-system, BlinkMacSystemFont, 'Helvetica Neue', arial, sans-serif; font-style: normal; font-weight: 400;\">\n<li style=\"color: var(--secondary-dark-grey); font-size: var(--font-size-body-small);\">\n<h4 style=\"margin-bottom: var(--baseline-half); font-family: var(--main-font-family); line-height: var(--line-height-regular); font-size: var(--font-size-body-small); letter-spacing: -0.2px;\">Se\u00e7\u00e3o 1 &#8211; Usu\u00e1rio<\/h4>\n<p style=\"margin-bottom: 0px; font-size: var(--font-size-body-small); line-height: 1.3; color: var(--secondary-dark-grey);\">A utiliza\u00e7\u00e3o deste website atribui de forma autom\u00e1tica a condi\u00e7\u00e3o de Usu\u00e1rio e implica a plena aceita\u00e7\u00e3o de todas as diretrizes e condi\u00e7\u00f5es inclu\u00eddas nestes Termos.<\/p>\n<\/li>\n<li style=\"color: var(--secondary-dark-grey); font-size: var(--font-size-body-small);\">\n<h4 style=\"margin-bottom: var(--baseline-half); font-family: var(--main-font-family); line-height: var(--line-height-regular); font-size: var(--font-size-body-small); letter-spacing: -0.2px;\">Se\u00e7\u00e3o 2 &#8211; Ades\u00e3o em conjunto com a Pol\u00edtica de Privacidade<\/h4>\n<p style=\"margin-bottom: 0px; font-size: var(--font-size-body-small); line-height: 1.3; color: var(--secondary-dark-grey);\">A utiliza\u00e7\u00e3o deste website acarreta a ades\u00e3o aos presentes Termos de Uso e a vers\u00e3o mais atualizada da Pol\u00edtica de Privacidade de <strong>ILUS\u00c3O SKATEWEAR<\/strong>.<\/p>\n<\/li>\n<li style=\"color: var(--secondary-dark-grey); font-size: var(--font-size-body-small);\">\n<h4 style=\"margin-bottom: var(--baseline-half); font-family: var(--main-font-family); line-height: var(--line-height-regular); font-size: var(--font-size-body-small); letter-spacing: -0.2px;\">Se\u00e7\u00e3o 3 &#8211; Condi\u00e7\u00f5es de acesso<\/h4>\n<p style=\"margin-bottom: 1rem; font-size: var(--font-size-body-small); line-height: 1.3; color: var(--secondary-dark-grey);\">Em geral, o acesso ao website da <strong>ILUS\u00c3O SKATEWEAR<\/strong> possui car\u00e1ter gratuito e n\u00e3o exige pr\u00e9via inscri\u00e7\u00e3o ou registro.<\/p>\n<p style=\"margin-bottom: 1rem; font-size: var(--font-size-body-small); line-height: 1.3; color: var(--secondary-dark-grey);\">Contudo, para usufruir de algumas funcionalidades, o usu\u00e1rio poder\u00e1 precisar efetuar um cadastro, criando uma conta de usu\u00e1rio com login e senha pr\u00f3prios para acesso.<\/p>\n<p style=\"margin-bottom: 1rem; font-size: var(--font-size-body-small); line-height: 1.3; color: var(--secondary-dark-grey);\">\u00c9 de total responsabilidade do usu\u00e1rio fornecer apenas informa\u00e7\u00f5es corretas, aut\u00eanticas, v\u00e1lidas, completas e atualizadas, bem como n\u00e3o divulgar o seu login e senha para terceiros.<\/p>\n<p style=\"margin-bottom: 1rem; font-size: var(--font-size-body-small); line-height: 1.3; color: var(--secondary-dark-grey);\">Partes deste website oferecem ao usu\u00e1rio a op\u00e7\u00e3o de publicar coment\u00e1rios em determinadas \u00e1reas. <strong>ILUS\u00c3O SKATEWEAR<\/strong> n\u00e3o consente com a publica\u00e7\u00e3o de conte\u00fados que tenham natureza discriminat\u00f3ria, ofensiva ou il\u00edcita, ou ainda infrinjam direitos de autor ou quaisquer outros direitos de terceiros.<\/p>\n<p style=\"margin-bottom: 0px; font-size: var(--font-size-body-small); line-height: 1.3; color: var(--secondary-dark-grey);\">A publica\u00e7\u00e3o de quaisquer conte\u00fados pelo usu\u00e1rio deste website, incluindo mensagens e coment\u00e1rios, implica em licen\u00e7a n\u00e3o-exclusiva, irrevog\u00e1vel e irretrat\u00e1vel, para sua utiliza\u00e7\u00e3o, reprodu\u00e7\u00e3o e publica\u00e7\u00e3o pela <strong>ILUS\u00c3O SKATEWEAR<\/strong> no seu website, plataformas e aplica\u00e7\u00f5es de internet, ou ainda em outras plataformas, sem qualquer restri\u00e7\u00e3o ou limita\u00e7\u00e3o.<\/p>\n<\/li>\n<li style=\"color: var(--secondary-dark-grey); font-size: var(--font-size-body-small);\">\n<h4 style=\"margin-bottom: var(--baseline-half); font-family: var(--main-font-family); line-height: var(--line-height-regular); font-size: var(--font-size-body-small); letter-spacing: -0.2px;\">Se\u00e7\u00e3o 4 &#8211; Cookies<\/h4>\n<p style=\"margin-bottom: 1rem; font-size: var(--font-size-body-small); line-height: 1.3; color: var(--secondary-dark-grey);\">Informa\u00e7\u00f5es sobre o seu uso neste website podem ser coletadas a partir de cookies. Cookies s\u00e3o informa\u00e7\u00f5es armazenadas diretamente no computador que voc\u00ea est\u00e1 utilizando. Os cookies permitem a coleta de informa\u00e7\u00f5es tais como o tipo de navegador, o tempo despendido no website, as p\u00e1ginas visitadas, as prefer\u00eancias de idioma, e outros dados de tr\u00e1fego an\u00f4nimos. N\u00f3s e nossos prestadores de servi\u00e7os utilizamos informa\u00e7\u00f5es para prote\u00e7\u00e3o de seguran\u00e7a, para facilitar a navega\u00e7\u00e3o, exibir informa\u00e7\u00f5es de modo mais eficiente, e personalizar sua experi\u00eancia ao utilizar este website, assim como para rastreamento online. Tamb\u00e9m coletamos informa\u00e7\u00f5es estat\u00edsticas sobre o uso do website para aprimoramento cont\u00ednuo do nosso design e funcionalidade, para entender como o website \u00e9 utilizado e para auxili\u00e1-lo a solucionar quest\u00f5es relevantes.<\/p>\n<p style=\"margin-bottom: 1rem; font-size: var(--font-size-body-small); line-height: 1.3; color: var(--secondary-dark-grey);\">Caso n\u00e3o deseje que suas informa\u00e7\u00f5es sejam coletadas por meio de cookies, h\u00e1 um procedimento simples na maior parte dos navegadores que permite que os cookies sejam automaticamente rejeitados, ou oferece a op\u00e7\u00e3o de aceitar ou rejeitar a transfer\u00eancia de um cookie (ou cookies) espec\u00edfico(s) de um site determinado para o seu computador. Entretanto, isso pode gerar inconvenientes no uso do website.<\/p>\n<p style=\"margin-bottom: 0px; font-size: var(--font-size-body-small); line-height: 1.3; color: var(--secondary-dark-grey);\">As defini\u00e7\u00f5es que escolher podem afetar a sua experi\u00eancia de navega\u00e7\u00e3o e o funcionamento que exige a utiliza\u00e7\u00e3o de cookies. Neste sentido, rejeitamos qualquer responsabilidade pelas consequ\u00eancias resultantes do funcionamento limitado deste website provocado pela desativa\u00e7\u00e3o de cookies no seu dispositivo (incapacidade de definir ou ler um cookie).<\/p>\n<\/li>\n<li style=\"color: var(--secondary-dark-grey); font-size: var(--font-size-body-small);\">\n<h4 style=\"margin-bottom: var(--baseline-half); font-family: var(--main-font-family); line-height: var(--line-height-regular); font-size: var(--font-size-body-small); letter-spacing: -0.2px;\">Se\u00e7\u00e3o 5 &#8211; Propriedade Intelectual<\/h4>\n<p style=\"margin-bottom: 0px; font-size: var(--font-size-body-small); line-height: 1.3; color: var(--secondary-dark-grey);\">Todos os elementos de Ilus\u00e3o Sk8 s\u00e3o de propriedade intelectual da mesma ou de seus licenciados. Estes Termos ou a utiliza\u00e7\u00e3o do website n\u00e3o concede a voc\u00ea qualquer licen\u00e7a ou direito de uso dos direitos de propriedade intelectual da Ilus\u00e3o Sk8 ou de terceiros.<\/p>\n<\/li>\n<li style=\"color: var(--secondary-dark-grey); font-size: var(--font-size-body-small);\">\n<h4 style=\"margin-bottom: var(--baseline-half); font-family: var(--main-font-family); line-height: var(--line-height-regular); font-size: var(--font-size-body-small); letter-spacing: -0.2px;\">Se\u00e7\u00e3o 6 &#8211; Links para sites de terceiros<\/h4>\n<p style=\"margin-bottom: 1rem; font-size: var(--font-size-body-small); line-height: 1.3; color: var(--secondary-dark-grey);\">Este website poder\u00e1, de tempos a tempos, conter links de hipertexto que redirecionar\u00e1 voc\u00ea para sites das redes dos nossos parceiros, anunciantes, fornecedores etc. Se voc\u00ea clicar em um desses links para qualquer um desses sites, lembre-se que cada site possui as suas pr\u00f3prias pr\u00e1ticas de privacidade e que n\u00e3o somos respons\u00e1veis por essas pol\u00edticas. Consulte as referidas pol\u00edticas antes de enviar quaisquer Dados Pessoais para esses sites.<\/p>\n<p style=\"margin-bottom: 0px; font-size: var(--font-size-body-small); line-height: 1.3; color: var(--secondary-dark-grey);\">N\u00e3o nos responsabilizamos pelas pol\u00edticas e pr\u00e1ticas de coleta, uso e divulga\u00e7\u00e3o (incluindo pr\u00e1ticas de prote\u00e7\u00e3o de dados) de outras organiza\u00e7\u00f5es, tais como Facebook, Apple, Google, Microsoft, ou de qualquer outro desenvolvedor de software ou provedor de aplicativo, loja de m\u00eddia social, sistema operacional, prestador de servi\u00e7os de internet sem fio ou fabricante de dispositivos, incluindo todos os Dados Pessoais que divulgar para outras organiza\u00e7\u00f5es por meio dos aplicativos, relacionadas a tais aplicativos, ou publicadas em nossas p\u00e1ginas em m\u00eddias sociais. N\u00f3s recomendamos que voc\u00ea se informe sobre a pol\u00edtica de privacidade e termos de uso de cada site visitado ou de cada prestador de servi\u00e7o utilizado.<\/p>\n<\/li>\n<li style=\"color: var(--secondary-dark-grey); font-size: var(--font-size-body-small);\">\n<h4 style=\"margin-bottom: var(--baseline-half); font-family: var(--main-font-family); line-height: var(--line-height-regular); font-size: var(--font-size-body-small); letter-spacing: -0.2px;\">Se\u00e7\u00e3o 7 &#8211; Prazos e altera\u00e7\u00f5es<\/h4>\n<p style=\"margin-bottom: 1rem; font-size: var(--font-size-body-small); line-height: 1.3; color: var(--secondary-dark-grey);\">O funcionamento deste website se d\u00e1 por prazo indeterminado.<\/p>\n<p style=\"margin-bottom: 0px; font-size: var(--font-size-body-small); line-height: 1.3; color: var(--secondary-dark-grey);\">O website no todo ou em cada uma das suas se\u00e7\u00f5es, pode ser encerrado, suspenso ou interrompido unilateralmente por Ilus\u00e3o Sk8, a qualquer momento e sem necessidade de pr\u00e9vio aviso.<\/p>\n<\/li>\n<li style=\"color: var(--secondary-dark-grey); font-size: var(--font-size-body-small);\">\n<h4 style=\"margin-bottom: var(--baseline-half); font-family: var(--main-font-family); line-height: var(--line-height-regular); font-size: var(--font-size-body-small); letter-spacing: -0.2px;\">Se\u00e7\u00e3o 8 &#8211; Dados pessoais<\/h4>\n<p style=\"margin-bottom: 0px; font-size: var(--font-size-body-small); line-height: 1.3; color: var(--secondary-dark-grey);\">Durante a utiliza\u00e7\u00e3o deste website, certos dados pessoais ser\u00e3o coletados e tratados por <strong>ILUS\u00c3O SKATEWEAR<\/strong> e\/ou pelos Parceiros. As regras relacionadas ao tratamento de dados pessoais de <strong>ILUS\u00c3O SKATEWEAR<\/strong> est\u00e3o estipuladas na Pol\u00edtica de Privacidade.<\/p>\n<\/li>\n<li style=\"color: var(--secondary-dark-grey); font-size: var(--font-size-body-small);\">\n<h4 style=\"margin-bottom: var(--baseline-half); font-family: var(--main-font-family); line-height: var(--line-height-regular); font-size: var(--font-size-body-small); letter-spacing: -0.2px;\">Se\u00e7\u00e3o 9 &#8211; Contato<\/h4>\n<p style=\"margin-bottom: 0px; font-size: var(--font-size-body-small); line-height: 1.3; color: var(--secondary-dark-grey);\">Caso voc\u00ea tenha qualquer d\u00favida sobre os Termos de Uso, por favor, entre em contato pelo e-mail contato@ilusaosk8.com.br.<\/p>\n<\/li>\n<\/ul>\n<p><\/p>\t\t\t\t\t\t\t\t<\/div>\n\t\t\t\t<\/div>\n\t\t\t\t\t<\/div>\n\t\t<\/div>\n\t\t\t\t\t<\/div>\n\t\t<\/section>\n\t\t\t\t<\/div>\n\t\t","protected":false},"excerpt":{"rendered":"<p>Esta pol\u00edtica de Termos de Uso \u00e9 v\u00e1lida a partir de Jun 2024. TERMOS DE USO \u2014 ILUS\u00c3O SKATEWEAR ILUS\u00c3O SKATEWEAR, pessoa jur\u00eddica de direito privado descreve, atrav\u00e9s deste documento, as regras de uso do site https:\/\/ilusaosk8.com.br\/ e qualquer outro site, loja ou aplicativo operado pelo propriet\u00e1rio. Ao navegar neste website, consideramos que voc\u00ea est\u00e1 [&hellip;]<\/p>\n","protected":false},"author":1,"featured_media":0,"parent":0,"menu_order":0,"comment_status":"closed","ping_status":"closed","template":"","meta":{"om_disable_all_campaigns":false,"_monsterinsights_skip_tracking":false,"_monsterinsights_sitenote_active":false,"_monsterinsights_sitenote_note":"","_monsterinsights_sitenote_category":0,"site-sidebar-layout":"default","site-content-layout":"","ast-site-content-layout":"default","site-content-style":"default","site-sidebar-style":"default","ast-global-header-display":"","ast-banner-title-visibility":"","ast-main-header-display":"","ast-hfb-above-header-display":"","ast-hfb-below-header-display":"","ast-hfb-mobile-header-display":"","site-post-title":"","ast-breadcrumbs-content":"","ast-featured-img":"","footer-sml-layout":"","ast-disable-related-posts":"","theme-transparent-header-meta":"","adv-header-id-meta":"","stick-header-meta":"","header-above-stick-meta":"","header-main-stick-meta":"","header-below-stick-meta":"","astra-migrate-meta-layouts":"default","ast-page-background-enabled":"default","ast-page-background-meta":{"desktop":{"background-color":"","background-image":"","background-repeat":"repeat","background-position":"center center","background-size":"auto","background-attachment":"scroll","background-type":"","background-media":"","overlay-type":"","overlay-color":"","overlay-opacity":"","overlay-gradient":""},"tablet":{"background-color":"","background-image":"","background-repeat":"repeat","background-position":"center center","background-size":"auto","background-attachment":"scroll","background-type":"","background-media":"","overlay-type":"","overlay-color":"","overlay-opacity":"","overlay-gradient":""},"mobile":{"background-color":"","background-image":"","background-repeat":"repeat","background-position":"center center","background-size":"auto","background-attachment":"scroll","background-type":"","background-media":"","overlay-type":"","overlay-color":"","overlay-opacity":"","overlay-gradient":""}},"ast-content-background-meta":{"desktop":{"background-color":"var(--ast-global-color-5)","background-image":"","background-repeat":"repeat","background-position":"center center","background-size":"auto","background-attachment":"scroll","background-type":"","background-media":"","overlay-type":"","overlay-color":"","overlay-opacity":"","overlay-gradient":""},"tablet":{"background-color":"var(--ast-global-color-5)","background-image":"","background-repeat":"repeat","background-position":"center center","background-size":"auto","background-attachment":"scroll","background-type":"","background-media":"","overlay-type":"","overlay-color":"","overlay-opacity":"","overlay-gradient":""},"mobile":{"background-color":"var(--ast-global-color-5)","background-image":"","background-repeat":"repeat","background-position":"center center","background-size":"auto","background-attachment":"scroll","background-type":"","background-media":"","overlay-type":"","overlay-color":"","overlay-opacity":"","overlay-gradient":""}},"footnotes":""},"class_list":["post-2980","page","type-page","status-publish","hentry"],"aioseo_notices":[],"_links":{"self":[{"href":"https:\/\/ilusaosk8.com.br\/index.php\/wp-json\/wp\/v2\/pages\/2980","targetHints":{"allow":["GET"]}}],"collection":[{"href":"https:\/\/ilusaosk8.com.br\/index.php\/wp-json\/wp\/v2\/pages"}],"about":[{"href":"https:\/\/ilusaosk8.com.br\/index.php\/wp-json\/wp\/v2\/types\/page"}],"author":[{"embeddable":true,"href":"https:\/\/ilusaosk8.com.br\/index.php\/wp-json\/wp\/v2\/users\/1"}],"replies":[{"embeddable":true,"href":"https:\/\/ilusaosk8.com.br\/index.php\/wp-json\/wp\/v2\/comments?post=2980"}],"version-history":[{"count":13,"href":"https:\/\/ilusaosk8.com.br\/index.php\/wp-json\/wp\/v2\/pages\/2980\/revisions"}],"predecessor-version":[{"id":3554,"href":"https:\/\/ilusaosk8.com.br\/index.php\/wp-json\/wp\/v2\/pages\/2980\/revisions\/3554"}],"wp:attachment":[{"href":"https:\/\/ilusaosk8.com.br\/index.php\/wp-json\/wp\/v2\/media?parent=2980"}],"curies":[{"name":"wp","href":"https:\/\/api.w.org\/{rel}","templated":true}]}}